*i - i**3 - 37*i - 1. Determine b(3).
-2
Let s(v) = 4*v - 22. Let d(a) = 21*a - 113. Let p(n) = 2*d(n) - 11*s(n). Determine p(7).
2
Let t(g) = g**3 - 6*g**2 - 4*g - 12. Let x(f) = f**3 - 6*f**2 - 5*f - 13. Let u(j) = -7*t(j) + 6*x(j). Give u(4).
30
Let u(c) be the third derivative of -c**6/120 + c**5/15 + c**4/24 + c**3/6 + 7*c**2 + c. What is u(4)?
5
Let r be (-2)/(-3)*(-42)/4. Let h(o) = -2*o - 8. Calculate h(r).
6
Let i(v) = v - 2*v - v + v - 10. Let x = 589 - 589. What is i(x)?
-10
Let r = -1196 - -1193. Let k(h) = h + 5. What is k(r)?
2
Suppose 29*f + 126 = 11*f. Let y(c) = -c**2 - 8*c + 7. Calculate y(f).
14
Let w(v) = -v**2 + 2*v + 2. Let j(c) = -7*c**2 + 4*c + 9. Let y(r) = j(r) - 3*w(r). Give y(4).
-69
Let f = 208 - 208. Let d(z) be the third derivative of -1/120*z**6 - 1/8*z**4 - 1/30*z**5 + 5*z**2 + 0 + 0*z + f*z**3. Calculate d(-2).
6
Let z(c) = -6*c**2 - 2*c**3 + 2*c**2 + 4 + c**2 + 2*c + c - 2*c. Give z(-3).
28
Let x(j) = -3*j**2 + 18 - 15*j**2 - 3*j**2 + 25*j**2 - 18*j - 3*j**2. Determine x(14).
-38
Let j(k) be the first derivative of k**4/4 - 2*k**3 + 4*k + 79. Calculate j(6).
4
Let x(c) = 2*c + 10. Let a be -4 + (-88)/20 + 21/(-35). Calculate x(a).
-8
Let r(g) = g**2 - 6*g + 7. Suppose 3*u - 12 = -3*x, 4*x - 17 = -8*u + 3*u. Suppose 3*p + 10 = 5*v, -4*p - 20 = -x*p - 5*v. Calculate r(p).
2
Let d(n) = -n**3 + 5*n**2 - 4*n + 3. Let v be (-108)/11 + (-14)/77. Let p = -8 + v. Let z be p/4*(-6)/9. What is d(z)?
9
Let r = 12 - 17. Let p(y) = -7*y**2 - 10*y + 49. Let j(f) = 4*f**2 + 5*f - 28. Let h(g) = -5*j(g) - 3*p(g). What is h(r)?
-7
Suppose -4*f - 12 = -44. Let o(j) = -8*j + 22 + 2*j**2 - f - 3*j**2. Let k = -1329 + 1319. What is o(k)?
-6
Let l be 4/10 - 2/5. Let n be 0/(-3)*2/4. Let y(i) = -i**2 + 4 + 1 + n*i**2 - i + 6. Give y(l).
11
Let l(a) be the second derivative of 0 - 13*a + 7/2*a**2 - 1/6*a**3. Determine l(4).
3
Let o(c) = 2*c**3 + 4*c**2 + 2*c - 7. Let v be o(-3). Let x = v + 35. Suppose -6*t + x*t = 12. Let p(a) = 3*a + 8. Give p(t).
-10
Let a(p) = 4*p**3 - 3*p**2 - 8*p - 3. Let v(w) = 3*w - 20*w + 1 + 9*w**3 - 8 - 4*w**2 - 3*w**2. Let l(j) = 13*a(j) - 6*v(j). Calculate l(2).
-5
Let n(i) = 0*i - i**2 - 12*i + 5 - 7 - i. Give n(-11).
20
Let u(p) = -p**3 - 4*p**2 + 2*p - 4. Let k be ((-5)/(-30) - 3/(-9))*10. Suppose -20 = -v + 3*v. Let i = k + v. What is u(i)?
11
Let h(a) be the second derivative of -a**5/120 + 7*a**4/24 - 5*a**3/3 - 11*a. Let b(t) be the second derivative of h(t). What is b(5)?
2
Let u = -312 + 320. Let h(z) = -3*z + 20. Determine h(u).
-4
Let b(t) = -t**3 + 16 - 9 - 7 - 6*t**2 + t. Give b(-6).
-6
Let p(l) be the first derivative of -5 - 11/3*l**3 + 0*l + 0*l**2. Calculate p(-1).
-11
Let p(y) be the third derivative of 5*y**4/12 + 3*y**3/2 - 177*y**2. Determine p(-2).
-11
Let g(r) be the third derivative of r**4/24 - 2*r**2. Let c(m) = -3*m**2 - 20*m + 28. Let b be c(-8). Calculate g(b).
-4
Let f(t) be the third derivative of 0*t + 0 + 1/6*t**3 - 7/24*t**4 - 16*t**2 - 7/60*t**5 - 1/120*t**6. Give f(-6).
7
Let r(w) be the first derivative of -w**3 + w**2/2 + 2*w - 165. Give r(2).
-8
Let u(h) = h**2 + 5*h - 6. Let w(c) = -c**3 + 6*c**2 - 6*c + 2. Let l be w(5). Let r = l + -3. Give u(r).
0
Let z(b) = -2*b + b**2 - 4*b**3 + 4 + 5*b**3 - 2*b**2. Suppose 4*c + 6 = 5*o - 5, -3*o = 5*c - 14. What is z(o)?
16
Let m(k) = -37*k**3 + k**2 + 2*k + 1. Let x be (-23)/21 - 10/525*-5. Determine m(x).
37
Let c(b) = b**3 + 4*b**2 - b + 2. Suppose -2*v = 3*v - w + 20, 12 = -3*v - 3*w. Determine c(v).
6
Let m be 2*(-4 + 5 - 0). Suppose 5*r + 7*g = m*g + 10, -5*r = -4*g + 8. Let z(p) = 15*p + 7. Let a(h) = -7*h - 3. Let v(o) = 13*a(o) + 6*z(o). Calculate v(r).
3
Suppose -14*z = -11*z + 12. Let k(j) = -3*j**2 - 12*j + 1. What is k(z)?
1
Let c(o) = -o**2 + o + 65. Let j be c(-7). Let d(b) = j*b**2 + 11 - 25 + 19 + 5*b - 4*b - b**3. Determine d(9).
14
Let o(f) = -f**3 - 8*f**2 + f + 9. Suppose -356*g + 359*g = -24. Determine o(g).
1
Suppose -u + 2 = -3. Let b(h) be the third derivative of 1/10*h**5 - 1/120*h**6 + 0 + 0*h + h**3 - 5/24*h**4 + 23*h**2. Calculate b(u).
6
Let u(x) = 4*x**3 - x**2 - x - 1. Let q be u(-1). Suppose -l = 5*c - 2, 0 = -2*c + 3*l + 5 - 11. Let h(t) = -t**2 - t + 2 + 5*t + c*t**2 - 8*t. Calculate h(q).
-3
Let r(t) = -4*t**2 + 7*t. Let h be -5 + 0 + 2/(-2). Let x(k) = -7*k**2 + 15*k. Let v = 205 - 192. Let q(n) = h*x(n) + v*r(n). Give q(1).
-9
Let r(u) = 0 + 5*u - 4*u**2 + 0*u**3 + u**3 - 5. Let l = -787 + 791. Calculate r(l).
15
Let l(p) = -p**3 - 3*p**2 + 5*p + 5. Let o be l(-4). Let g = o - -1. Let q(a) = -192 + 46*a - 47*a + 194. Give q(g).
0
Let g(d) = d**3 + 9*d**2 - 11*d - 7. Let n be g(-10). Let c(x) = 9*x**n + 9*x + 1 - 6*x**2 - 11*x**3 + x**3 + 3. Calculate c(-7).
-10
Let c = 8 - 6. Let i be (-5 - -3) + 0 + c. Let r(v) = i*v**3 + 1 + 0 - 3*v**3 + 0*v - v. What is r(1)?
-3
Suppose -n = 2*n - 123. Let d = n - 26. Suppose -12 = m - 5*m, 0 = j + 4*m - d. Let a(b) = b**2 - 7*b + 2. Calculate a(j).
-10
Let a be 1 - 2 - (3 + 231/(-22)). Let r(h) be the second derivative of -h + 0 - a*h**2 - 1/6*h**3. What is r(0)?
-13
Let b(g) be the third derivative of g**6/120 - g**5/60 + g**3/3 + 10*g**2. Determine b(-2).
-10
Let f(p) be the first derivative of p**2/2 - 5*p + 93. Calculate f(4).
-1
Let k(i) = 5*i - 6. Let q(o) = -5*o + 5. Let l be ((-32)/(-4))/(-4) - -2. Suppose -5*y - 39 = 4*p, -3 = y - l. Let n(a) = p*k(a) - 7*q(a). Give n(-1).
-4
Let v be ((-3)/(-3) - -4) + -127. Let d = v + 123. Let h(w) be the first derivative of -3*w**2 - w - 1. Give h(d).
-7
Let h(g) be the second derivative of -g**3/3 + 2*g + 727. Suppose -5*u = 3*d + 4, -d = 2*d - 5*u + 14. Determine h(d).
6
Let n(i) = i. Suppose -5*m + m + 24 = 0. Suppose 3 = -3*w + m. Determine n(w).
1
Let h(j) = j**3 + 5*j**2 + 4*j + 3. Suppose 2*a = -4*d - 10 + 32, 5*a = -4*d + 37. Suppose 0*x = -d*x - 9. Calculate h(x).
9
Let t(y) = -y**2 - 2*y - 2. Let k = 36 + -34. Suppose -j - k = 2. What is t(j)?
-10
Let z(u) = 2*u**3 - 13*u**2 - u + 2. Let p(k) = -k**3 - k**2 + k - 1. Let j(d) = -p(d) - z(d). What is j(14)?
-1
Let v = 2233 - 2238. Let o(b) be the first derivative of 5*b**3/3 + 5*b**2/2 + 4*b - 2. Let q(i) = i**3 + i**2 - i - 1. Let y(z) = -o(z) - q(z). What is y(v)?
-8
Let y be (-216)/(-3)*16/12. Let f(z) = 4*z**2 - y - 5*z - 3*z**2 + 94. Calculate f(6).
4
Let a(h) = h**3 - 2*h + 2. Let i be a(2). Let x(k) = 47*k - 4 - 40*k - 5*k. Determine x(i).
8
Suppose -2*z - 1 = -3*z. Suppose -5 + 40 = 7*n. Let q(y) = -n + z + 4 - 2*y. Determine q(-4).
8
Let w(t) = -7*t**3 - 7*t**2 + 3*t + 3. Let s(h) = -5*h**3 - 6*h**2 + h + 3. Let d(b) = 4*s(b) - 3*w(b). Determine d(5).
28
Let o = 3 - 8. Let z(k) = 5*k - 1. Let y(c) = -4*c. Let a(d) = o*z(d) - 6*y(d). Let s be a(11). Let r(q) = -q - 5. Determine r(s).
1
Let i(q) = 6*q**2 - 1. Suppose -13*y + 4*y = 0. Suppose 3*w - 4 = 3*h + 8, y = 5*h + 4*w - 25. What is i(h)?
5
Let o(c) = 3*c - 8. Let x(t) = 2*t - 5. Let y(w) = 5*o(w) - 7*x(w). What is y(5)?
0
Let w(x) = -x**3 - 6*x**2 + 3*x + 5. Let h = 15 + -15. Let z be 32 - (1 - 2/(-2)). Suppose h = -10*y + 15*y + z. Determine w(y).
-13
Let n(z) be the first derivative of 3*z**3 + z**2/2 - z - 17. Let r(t) = -18*t**2 - t + 2. Let y(s) = -5*n(s) - 3*r(s). Give y(-1).
10
Let k(u) = -u + 9. Let z(h) = 3. Let c(d) = -2*k(d) + 7*z(d). What is c(-6)?
-9
Suppose 15 = -3*r + 5*q, 2*q - 8 + 2 = -3*r. Let t = 206 + -188. Suppose r = 3*z - g - t, 3*z + 2*z + g = 38. Let p(n) = -n + 11. Calculate p(z).
4
Let q be ((-2 - -3) + 10)/1. Let y = -15 + q. Let i(k) = k**3 + 5*k**2 + 4*k - 1. Calculate i(y).
-1
Suppose -m - 4 = 1, -5*u + 4*m = -25. Let h(a) be the second derivative of -9*a**5/20 - a**4/6 + a**2/2 + 102*a. Give h(u).
-10
Let b(y) be the third derivative of -y**4/8 + y**3/6 - 24*y**2. Let k = 32 + -30. What is b(k)?
-5
Suppose -2*r + 4 + 16 = 2*k, -k - 2*r = -15. Let s(a) = 2 - 7 - 3*a**2 + 5*a + 2*a**2 + 3*a. Determine s(k).
10
Let x(w) = -14*w**3 - 18*w**2 - 14*w - 4. Let v(i) = -5*i**3 - 6*i**2 - 5*i - 1. Let y(c) = 17*v(c) - 6*x(c). Suppose 6*r - 36 = -0*r. What is y(r)?
1
Let x(t) be the second derivative of -t**4/24 + 3*t**2 + 12*t. Let q(y) be the first derivative of x(y). What is q(-2)?
2
Let p(c) = 2*c + 3. Let u(j) = -1. Let q(l) = -p(l) - 6*u(l). Suppose 4*